{"id":2647,"date":"2022-09-21T11:16:04","date_gmt":"2022-09-21T09:16:04","guid":{"rendered":"https:\/\/arelia-asso.fr\/index.php\/nous-soutenir\/benevolat\/"},"modified":"2025-01-24T10:54:14","modified_gmt":"2025-01-24T09:54:14","slug":"benevolat","status":"publish","type":"page","link":"https:\/\/arelia-asso.fr\/index.php\/nous-soutenir\/benevolat\/","title":{"rendered":"B\u00e9n\u00e9volat"},"content":{"rendered":"<p>[et_pb_section fb_built=\u00a0\u00bb1&Prime; _builder_version=\u00a0\u00bb4.18.0&Prime; _module_preset=\u00a0\u00bbdefault\u00a0\u00bb custom_padding=\u00a0\u00bb||10px|||\u00a0\u00bb global_colors_info=\u00a0\u00bb{}\u00a0\u00bb][et_pb_row _builder_version=\u00a0\u00bb4.18.0&Prime; _module_preset=\u00a0\u00bbdefault\u00a0\u00bb global_colors_info=\u00a0\u00bb{}\u00a0\u00bb][et_pb_column type=\u00a0\u00bb4_4&Prime; _builder_version=\u00a0\u00bb4.18.0&Prime; _module_preset=\u00a0\u00bbdefault\u00a0\u00bb global_colors_info=\u00a0\u00bb{}\u00a0\u00bb][et_pb_text _builder_version=\u00a0\u00bb4.27.3&Prime; _module_preset=\u00a0\u00bbdefault\u00a0\u00bb text_font=\u00a0\u00bb|800||on|||||\u00a0\u00bb text_text_color=\u00a0\u00bb#FF0066&Prime; text_font_size=\u00a0\u00bb64px\u00a0\u00bb custom_margin=\u00a0\u00bb||56px||false|false\u00a0\u00bb global_colors_info=\u00a0\u00bb{}\u00a0\u00bb]<\/p>\n<p style=\"text-align: center;\">B\u00e9n\u00e9volat<\/p>\n<p>[\/et_pb_text][et_pb_image src=\u00a0\u00bbhttps:\/\/arelia-asso.fr\/wp-content\/uploads\/2024\/11\/BENEVOLAT.jpg\u00a0\u00bb title_text=\u00a0\u00bbHomeless woman hold cardboard with copy space, drug addict, protesting woman, refugees asking\u00a0\u00bb _builder_version=\u00a0\u00bb4.27.3&Prime; _module_preset=\u00a0\u00bbdefault\u00a0\u00bb global_colors_info=\u00a0\u00bb{}\u00a0\u00bb][\/et_pb_image][et_pb_text _builder_version=\u00a0\u00bb4.27.3&Prime; _module_preset=\u00a0\u00bbdefault\u00a0\u00bb global_colors_info=\u00a0\u00bb{}\u00a0\u00bb]<\/p>\n<h1 style=\"text-align: center;\"><span style=\"color: #ff0066;\">Rejoignez-nous et agissez pour la solidarit\u00e9 !<\/span><\/h1>\n<p style=\"text-align: center;\"><strong>Pour vous sentir utile, partager vos comp\u00e9tences et faire de belles rencontres\u2026<\/strong><\/p>\n<p>[\/et_pb_text][et_pb_text _builder_version=\u00a0\u00bb4.27.4&Prime; _module_preset=\u00a0\u00bbdefault\u00a0\u00bb hover_enabled=\u00a0\u00bb0&Prime; global_colors_info=\u00a0\u00bb{}\u00a0\u00bb sticky_enabled=\u00a0\u00bb0&Prime;]<\/p>\n<p style=\"text-align: center;\">Ar\u00e9lia mobilise des b\u00e9n\u00e9voles pour soutenir ses activit\u00e9s.<br \/>Si vous souhaitez apporter votre aide pour quelques heures ou soutenir plus r\u00e9guli\u00e8rement le personnel permanent,<br \/>nous vous invitons \u00e0 nous faire part de votre demande en compl\u00e9tant<\/p>\n<p style=\"text-align: center;\"><strong><a href=\"https:\/\/arelia-asso.fr\/wp-content\/uploads\/2025\/01\/ARELIA-Proposition-de-temps-benevole-Candidature.pdf\">&#8211; CE FORMULAIRE &#8211;<\/a><br \/><\/strong><\/p>\n<p style=\"text-align: center;\"><strong>\u00e0 adresser par courriel \u00e0 :\u00a0<\/strong><br \/><a href=\"mailto:contact@arelia-asso.fr\"><strong>contact@arelia-asso.fr<\/strong><\/a><\/p>\n<p style=\"text-align: center;\"><strong><a href=\"https:\/\/arelia-asso.fr\/wp-content\/uploads\/2025\/01\/Charte-benevolat-ARELIA.pdf\">Consultez la Charte du b\u00e9n\u00e9volat ARELIA<\/a><\/strong><\/p>\n<p>[\/et_pb_text][\/et_pb_column][\/et_pb_row][\/et_pb_section]<\/p>\n","protected":false},"excerpt":{"rendered":"<p>B\u00e9n\u00e9volatRejoignez-nous et agissez pour la solidarit\u00e9 ! Pour vous sentir utile, partager vos comp\u00e9tences et faire de belles rencontres\u2026Ar\u00e9lia mobilise des b\u00e9n\u00e9voles pour soutenir ses activit\u00e9s.Si vous souhaitez apporter votre aide pour quelques heures ou soutenir plus r\u00e9guli\u00e8rement le personnel permanent,nous vous invitons \u00e0 nous faire part de votre demande en compl\u00e9tant &#8211; CE FORMULAIRE [&hellip;]<\/p>\n","protected":false},"author":1,"featured_media":0,"parent":2644,"menu_order":0,"comment_status":"closed","ping_status":"closed","template":"","meta":{"_et_pb_use_builder":"on","_et_pb_old_content":"","_et_gb_content_width":"","footnotes":""},"class_list":["post-2647","page","type-page","status-publish","hentry"],"_links":{"self":[{"href":"https:\/\/arelia-asso.fr\/index.php\/wp-json\/wp\/v2\/pages\/2647","targetHints":{"allow":["GET"]}}],"collection":[{"href":"https:\/\/arelia-asso.fr\/index.php\/wp-json\/wp\/v2\/pages"}],"about":[{"href":"https:\/\/arelia-asso.fr\/index.php\/wp-json\/wp\/v2\/types\/page"}],"author":[{"embeddable":true,"href":"https:\/\/arelia-asso.fr\/index.php\/wp-json\/wp\/v2\/users\/1"}],"replies":[{"embeddable":true,"href":"https:\/\/arelia-asso.fr\/index.php\/wp-json\/wp\/v2\/comments?post=2647"}],"version-history":[{"count":6,"href":"https:\/\/arelia-asso.fr\/index.php\/wp-json\/wp\/v2\/pages\/2647\/revisions"}],"predecessor-version":[{"id":4132,"href":"https:\/\/arelia-asso.fr\/index.php\/wp-json\/wp\/v2\/pages\/2647\/revisions\/4132"}],"up":[{"embeddable":true,"href":"https:\/\/arelia-asso.fr\/index.php\/wp-json\/wp\/v2\/pages\/2644"}],"wp:attachment":[{"href":"https:\/\/arelia-asso.fr\/index.php\/wp-json\/wp\/v2\/media?parent=2647"}],"curies":[{"name":"wp","href":"https:\/\/api.w.org\/{rel}","templated":true}]}}