{"id":2660,"date":"2022-09-21T11:16:04","date_gmt":"2022-09-21T09:16:04","guid":{"rendered":"https:\/\/arelia-asso.fr\/index.php\/nos-prestations\/location-de-salles\/"},"modified":"2025-02-06T16:30:36","modified_gmt":"2025-02-06T15:30:36","slug":"location-de-salles","status":"publish","type":"page","link":"https:\/\/arelia-asso.fr\/index.php\/nos-prestations\/location-de-salles\/","title":{"rendered":"Location de salles"},"content":{"rendered":"<p>[et_pb_section fb_built=\u00a0\u00bb1&Prime; _builder_version=\u00a0\u00bb4.18.0&Prime; _module_preset=\u00a0\u00bbdefault\u00a0\u00bb custom_padding=\u00a0\u00bb||10px|||\u00a0\u00bb global_colors_info=\u00a0\u00bb{}\u00a0\u00bb][et_pb_row _builder_version=\u00a0\u00bb4.18.0&Prime; _module_preset=\u00a0\u00bbdefault\u00a0\u00bb global_colors_info=\u00a0\u00bb{}\u00a0\u00bb][et_pb_column type=\u00a0\u00bb4_4&Prime; _builder_version=\u00a0\u00bb4.18.0&Prime; _module_preset=\u00a0\u00bbdefault\u00a0\u00bb global_colors_info=\u00a0\u00bb{}\u00a0\u00bb][et_pb_text _builder_version=\u00a0\u00bb4.27.3&Prime; _module_preset=\u00a0\u00bbdefault\u00a0\u00bb text_font=\u00a0\u00bb|800||on|||||\u00a0\u00bb text_text_color=\u00a0\u00bb#FF0066&Prime; text_font_size=\u00a0\u00bb64px\u00a0\u00bb custom_margin=\u00a0\u00bb||56px||false|false\u00a0\u00bb global_colors_info=\u00a0\u00bb{}\u00a0\u00bb]<\/p>\n<p style=\"text-align: center;\">Location de salles<\/p>\n<p>[\/et_pb_text][et_pb_image src=\u00a0\u00bbhttps:\/\/arelia-asso.fr\/wp-content\/uploads\/2024\/11\/site-sauvoy.jpg\u00a0\u00bb title_text=\u00a0\u00bbsite-sauvoy\u00a0\u00bb _builder_version=\u00a0\u00bb4.27.3&Prime; _module_preset=\u00a0\u00bbdefault\u00a0\u00bb global_colors_info=\u00a0\u00bb{}\u00a0\u00bb][\/et_pb_image][et_pb_text _builder_version=\u00a0\u00bb4.27.0&Prime; _module_preset=\u00a0\u00bbdefault\u00a0\u00bb global_colors_info=\u00a0\u00bb{}\u00a0\u00bb]<\/p>\n<h2 style=\"text-align: center;\">site sauvoy &#8211; 102 Rue des Solidarit\u00e9s &#8211; MAX\u00e9VILLE<\/h2>\n<p>[\/et_pb_text][et_pb_toggle title=\u00a0\u00bbPrestations\u00a0\u00bb open=\u00a0\u00bbon\u00a0\u00bb open_toggle_text_color=\u00a0\u00bb#FF0066&Prime; open_toggle_background_color=\u00a0\u00bb#FFFFFF\u00a0\u00bb _builder_version=\u00a0\u00bb4.27.4&Prime; _module_preset=\u00a0\u00bbdefault\u00a0\u00bb title_text_color=\u00a0\u00bb#FFFFFF\u00a0\u00bb background_color=\u00a0\u00bb#FF0066&Prime; border_width_all=\u00a0\u00bb0px\u00a0\u00bb border_color_all=\u00a0\u00bb#FFFFFF\u00a0\u00bb global_colors_info=\u00a0\u00bb{}\u00a0\u00bb]<\/p>\n<p><strong>Location de salles du lundi au vendredi de 9h00 \u00e0 18h00 : conf\u00e9rences, r\u00e9union, formation, cocktail etc.<\/strong><\/p>\n<p><strong>Equipements :<\/strong> mobilier &#8211; vid\u00e9oprojection &#8211; wifi<br \/><strong>Capacit\u00e9s :<\/strong> de 12 \u00e0 120 personnes selon la salle et la configuration<br \/><strong>Surfaces :<\/strong> 4 salles de 37 \u00e0 153 m2<\/p>\n<p><strong>Prestations : <\/strong>Accueil petit-d\u00e9jeuner<\/p>\n<p><strong>Option :<\/strong> Traiteur ext\u00e9rieur accept\u00e9 (nous fournir les informations au pr\u00e9alable)<\/p>\n<p><strong><\/strong><\/p>\n<hr \/>\n<h4>CONTACT<\/h4>\n<p><strong>William ARBOGAST : 06 75 50 10 81<\/strong><br \/><a href=\"mailto:william.arbogast@arelia-asso.fr\">william.arbogast@arelia-asso.fr<\/a><\/p>\n<p>&nbsp;<\/p>\n<p>[\/et_pb_toggle][\/et_pb_column][\/et_pb_row][\/et_pb_section]<\/p>\n","protected":false},"excerpt":{"rendered":"<p>Location de sallessite sauvoy &#8211; 102 Rue des Solidarit\u00e9s &#8211; MAX\u00e9VILLELocation de salles du lundi au vendredi de 9h00 \u00e0 18h00 : conf\u00e9rences, r\u00e9union, formation, cocktail etc. Equipements : mobilier &#8211; vid\u00e9oprojection &#8211; wifiCapacit\u00e9s : de 12 \u00e0 120 personnes selon la salle et la configurationSurfaces : 4 salles de 37 \u00e0 153 m2 Prestations [&hellip;]<\/p>\n","protected":false},"author":1,"featured_media":0,"parent":2650,"menu_order":0,"comment_status":"closed","ping_status":"closed","template":"","meta":{"_et_pb_use_builder":"on","_et_pb_old_content":"","_et_gb_content_width":"","footnotes":""},"class_list":["post-2660","page","type-page","status-publish","hentry"],"_links":{"self":[{"href":"https:\/\/arelia-asso.fr\/index.php\/wp-json\/wp\/v2\/pages\/2660","targetHints":{"allow":["GET"]}}],"collection":[{"href":"https:\/\/arelia-asso.fr\/index.php\/wp-json\/wp\/v2\/pages"}],"about":[{"href":"https:\/\/arelia-asso.fr\/index.php\/wp-json\/wp\/v2\/types\/page"}],"author":[{"embeddable":true,"href":"https:\/\/arelia-asso.fr\/index.php\/wp-json\/wp\/v2\/users\/1"}],"replies":[{"embeddable":true,"href":"https:\/\/arelia-asso.fr\/index.php\/wp-json\/wp\/v2\/comments?post=2660"}],"version-history":[{"count":11,"href":"https:\/\/arelia-asso.fr\/index.php\/wp-json\/wp\/v2\/pages\/2660\/revisions"}],"predecessor-version":[{"id":4202,"href":"https:\/\/arelia-asso.fr\/index.php\/wp-json\/wp\/v2\/pages\/2660\/revisions\/4202"}],"up":[{"embeddable":true,"href":"https:\/\/arelia-asso.fr\/index.php\/wp-json\/wp\/v2\/pages\/2650"}],"wp:attachment":[{"href":"https:\/\/arelia-asso.fr\/index.php\/wp-json\/wp\/v2\/media?parent=2660"}],"curies":[{"name":"wp","href":"https:\/\/api.w.org\/{rel}","templated":true}]}}