{"id":2732,"date":"2022-10-17T11:12:52","date_gmt":"2022-10-17T09:12:52","guid":{"rendered":"https:\/\/arelia-asso.fr\/index.php\/pension-de-famille\/"},"modified":"2023-05-04T16:55:38","modified_gmt":"2023-05-04T14:55:38","slug":"pension-de-famille","status":"publish","type":"page","link":"https:\/\/arelia-asso.fr\/index.php\/nos-actions\/heberger\/pension-de-famille\/","title":{"rendered":"Pension de famille"},"content":{"rendered":"<p>[et_pb_section fb_built=\u00a0\u00bb1&Prime; _builder_version=\u00a0\u00bb4.18.0&Prime; _module_preset=\u00a0\u00bbdefault\u00a0\u00bb custom_padding=\u00a0\u00bb||10px|||\u00a0\u00bb global_colors_info=\u00a0\u00bb{}\u00a0\u00bb][et_pb_row _builder_version=\u00a0\u00bb4.18.0&Prime; _module_preset=\u00a0\u00bbdefault\u00a0\u00bb custom_padding=\u00a0\u00bb0px||57px||false|false\u00a0\u00bb global_colors_info=\u00a0\u00bb{}\u00a0\u00bb][et_pb_column type=\u00a0\u00bb4_4&Prime; _builder_version=\u00a0\u00bb4.18.0&Prime; _module_preset=\u00a0\u00bbdefault\u00a0\u00bb global_colors_info=\u00a0\u00bb{}\u00a0\u00bb][et_pb_text _builder_version=\u00a0\u00bb4.18.0&Prime; _module_preset=\u00a0\u00bbdefault\u00a0\u00bb text_font=\u00a0\u00bb|800|||||||\u00a0\u00bb text_text_color=\u00a0\u00bb#990099&Prime; text_font_size=\u00a0\u00bb52px\u00a0\u00bb custom_margin=\u00a0\u00bb||62px|||\u00a0\u00bb global_colors_info=\u00a0\u00bb{}\u00a0\u00bb]<\/p>\n<p style=\"text-align: center;\">Pension de famille<\/p>\n<p>[\/et_pb_text][et_pb_testimonial author=\u00a0\u00bbChristian F. \u00a0\u00bb job_title=\u00a0\u00bb61 ans\u00a0\u00bb company_name=\u00a0\u00bbCHRS TAU Diffus Toul\u00a0\u00bb portrait_url=\u00a0\u00bbhttps:\/\/arelia-asso.fr\/wp-content\/uploads\/2022\/10\/CHRISTIAN-Duotone.png\u00a0\u00bb quote_icon_color=\u00a0\u00bb#FF0066&Prime; quote_icon_background_color=\u00a0\u00bbRGBA(255,255,255,0)\u00a0\u00bb font_icon=\u00a0\u00bb&#x76;||divi||400&Prime; portrait_width=\u00a0\u00bb200px\u00a0\u00bb portrait_height=\u00a0\u00bb200px\u00a0\u00bb use_icon_font_size=\u00a0\u00bbon\u00a0\u00bb icon_font_size=\u00a0\u00bb41px\u00a0\u00bb disabled_on=\u00a0\u00bboff|off|off\u00a0\u00bb _builder_version=\u00a0\u00bb4.18.0&Prime; _module_preset=\u00a0\u00bbdefault\u00a0\u00bb body_font=\u00a0\u00bb||on||||||\u00a0\u00bb body_font_size=\u00a0\u00bb19px\u00a0\u00bb author_text_color=\u00a0\u00bb#FF0066&Prime; use_background_color=\u00a0\u00bboff\u00a0\u00bb custom_margin=\u00a0\u00bb76px||||false|false\u00a0\u00bb border_radii_portrait=\u00a0\u00bbon|100px|100px|100px|100px\u00a0\u00bb border_color_all_portrait=\u00a0\u00bbRGBA(255,255,255,0)\u00a0\u00bb global_colors_info=\u00a0\u00bb{}\u00a0\u00bb]<\/p>\n<p>\u00ab\u00a0Alors que j\u2019\u00e9tais encore en d\u00e9tention, Ar\u00e9lia est venue me proposer un lieu d\u2019h\u00e9bergement sans quoi, \u00e0 ma sortie, j\u2019aurais \u00e9t\u00e9 \u00e0 la rue. C\u2019est comme \u00e7a que je me suis retrouv\u00e9 en octobre \u00e0 la r\u00e9sidence.\u00a0\u00bb<\/p>\n<p>[\/et_pb_testimonial][\/et_pb_column][\/et_pb_row][et_pb_row _builder_version=\u00a0\u00bb4.18.0&Prime; _module_preset=\u00a0\u00bbdefault\u00a0\u00bb background_enable_color=\u00a0\u00bboff\u00a0\u00bb custom_padding=\u00a0\u00bb5px|||||\u00a0\u00bb global_colors_info=\u00a0\u00bb{}\u00a0\u00bb theme_builder_area=\u00a0\u00bbpost_content\u00a0\u00bb][et_pb_column type=\u00a0\u00bb4_4&Prime; _builder_version=\u00a0\u00bb4.18.0&Prime; _module_preset=\u00a0\u00bbdefault\u00a0\u00bb global_colors_info=\u00a0\u00bb{}\u00a0\u00bb theme_builder_area=\u00a0\u00bbpost_content\u00a0\u00bb][et_pb_text _builder_version=\u00a0\u00bb4.18.0&Prime; _module_preset=\u00a0\u00bbdefault\u00a0\u00bb custom_margin=\u00a0\u00bb||12px||false|false\u00a0\u00bb global_colors_info=\u00a0\u00bb{}\u00a0\u00bb theme_builder_area=\u00a0\u00bbpost_content\u00a0\u00bb]<\/p>\n<h1 style=\"text-align: left;\"><span style=\"color: #ff0066;\"><span style=\"color: #cc3366;\">Dispositif\u00a0: PENSION DE FAMILLE \u00ab\u00a0LA CUESTA\u00a0\u00bb<br \/><\/span><\/span><\/h1>\n<p>[\/et_pb_text][et_pb_toggle title=\u00a0\u00bbMissions\u00a0\u00bb open=\u00a0\u00bbon\u00a0\u00bb open_toggle_text_color=\u00a0\u00bb#FF0066&Prime; closed_toggle_text_color=\u00a0\u00bb#FF0066&Prime; closed_toggle_background_color=\u00a0\u00bbrgba(255,0,102,0.18)\u00a0\u00bb icon_color=\u00a0\u00bb#FF0066&Prime; open_icon_color=\u00a0\u00bb#CC3366&Prime; _builder_version=\u00a0\u00bb4.20.2&Prime; _module_preset=\u00a0\u00bbdefault\u00a0\u00bb border_color_all=\u00a0\u00bb#FF0066&Prime; global_colors_info=\u00a0\u00bb{}\u00a0\u00bb theme_builder_area=\u00a0\u00bbpost_content\u00a0\u00bb]<\/p>\n<p style=\"text-align: justify;\">La pension de famille (anciennement maison relais) \u00ab LA CUESTA \u00bb accueille 25 r\u00e9sidents locataires, accompagn\u00e9s au quotidien par des travailleurs sociaux. La maison relais est une r\u00e9sidence sociale dont la vocation est d\u2019accueillir des personnes dont les perspectives d\u2019insertion et d\u2019autonomie sont tr\u00e8s faibles, et l\u2019acc\u00e8s ou le maintien en logement ordinaire sont extr\u00eamement compliqu\u00e9s.<\/p>\n<p>Diff\u00e9rentes animations et activit\u00e9s favorisent la socialisation des r\u00e9sidents et leur insertion. L\u2019int\u00e9gration de la pension de famille dans le quartier et le tissu local est une pr\u00e9occupation permanente. Elle se r\u00e9alise, par exemple, \u00e0 travers la participation \u00e0 diff\u00e9rentes f\u00eates et manifestations en lien avec d\u2019autres associations. Trois appartements sont \u00e9quip\u00e9s pour accueillir des personnes \u00e0 mobilit\u00e9 r\u00e9duite.<\/p>\n<p>[\/et_pb_toggle][et_pb_toggle title=\u00a0\u00bbPublic\u00a0\u00bb open=\u00a0\u00bbon\u00a0\u00bb open_toggle_text_color=\u00a0\u00bb#FF0066&Prime; closed_toggle_text_color=\u00a0\u00bb#FF0066&Prime; closed_toggle_background_color=\u00a0\u00bbrgba(255,0,102,0.18)\u00a0\u00bb icon_color=\u00a0\u00bb#FF0066&Prime; open_icon_color=\u00a0\u00bb#CC3366&Prime; _builder_version=\u00a0\u00bb4.20.2&Prime; _module_preset=\u00a0\u00bbdefault\u00a0\u00bb border_color_all=\u00a0\u00bb#FF0066&Prime; global_colors_info=\u00a0\u00bb{}\u00a0\u00bb theme_builder_area=\u00a0\u00bbpost_content\u00a0\u00bb]<\/p>\n<p style=\"text-align: justify;\">Personnes majeures seules, hommes ou femmes ne poss\u00e9dant pas une autonomie suffisante dans le savoir-habiter pour \u00eatre autonome, issues du territoire Terres de Lorraine.<\/p>\n<p>[\/et_pb_toggle][et_pb_toggle title=\u00a0\u00bbCapacit\u00e9\u00a0\u00bb open=\u00a0\u00bbon\u00a0\u00bb open_toggle_text_color=\u00a0\u00bb#FF0066&Prime; closed_toggle_text_color=\u00a0\u00bb#FF0066&Prime; closed_toggle_background_color=\u00a0\u00bbrgba(255,0,102,0.18)\u00a0\u00bb icon_color=\u00a0\u00bb#FF0066&Prime; open_icon_color=\u00a0\u00bb#CC3366&Prime; _builder_version=\u00a0\u00bb4.20.2&Prime; _module_preset=\u00a0\u00bbdefault\u00a0\u00bb border_color_all=\u00a0\u00bb#FF0066&Prime; global_colors_info=\u00a0\u00bb{}\u00a0\u00bb theme_builder_area=\u00a0\u00bbpost_content\u00a0\u00bb]<\/p>\n<p style=\"text-align: justify;\">25 r\u00e9sidents locataires, hommes ou femmes.<\/p>\n<p>[\/et_pb_toggle][et_pb_toggle title=\u00a0\u00bbFonctionnement\u00a0\u00bb open=\u00a0\u00bbon\u00a0\u00bb open_toggle_text_color=\u00a0\u00bb#FF0066&Prime; closed_toggle_text_color=\u00a0\u00bb#FF0066&Prime; closed_toggle_background_color=\u00a0\u00bbrgba(255,0,102,0.18)\u00a0\u00bb icon_color=\u00a0\u00bb#FF0066&Prime; open_icon_color=\u00a0\u00bb#CC3366&Prime; _builder_version=\u00a0\u00bb4.20.2&Prime; _module_preset=\u00a0\u00bbdefault\u00a0\u00bb border_color_all=\u00a0\u00bb#FF0066&Prime; global_colors_info=\u00a0\u00bb{}\u00a0\u00bb theme_builder_area=\u00a0\u00bbpost_content\u00a0\u00bb]<\/p>\n<p style=\"text-align: justify;\">Fonctionnement 365 jours par an et 24h sur 24.Restauration individuelle (et collective lors d\u2019animations).<\/p>\n<p>[\/et_pb_toggle][et_pb_toggle title=\u00a0\u00bbFinancement\u00a0\u00bb open=\u00a0\u00bbon\u00a0\u00bb open_toggle_text_color=\u00a0\u00bb#FF0066&Prime; closed_toggle_text_color=\u00a0\u00bb#FF0066&Prime; closed_toggle_background_color=\u00a0\u00bbrgba(255,0,102,0.18)\u00a0\u00bb icon_color=\u00a0\u00bb#FF0066&Prime; open_icon_color=\u00a0\u00bb#CC3366&Prime; _builder_version=\u00a0\u00bb4.20.2&Prime; _module_preset=\u00a0\u00bbdefault\u00a0\u00bb border_color_all=\u00a0\u00bb#FF0066&Prime; global_colors_info=\u00a0\u00bb{}\u00a0\u00bb theme_builder_area=\u00a0\u00bbpost_content\u00a0\u00bb]<\/p>\n<p style=\"text-align: justify;\">Financement CHRS par l\u2019\u00c9tat via la Direction D\u00e9partementale de l\u2019Emploi, du Travail et des Solidarit\u00e9 (DDETS).<br \/>En compl\u00e9ment, participation des r\u00e9sidents aux frais d&rsquo;h\u00e9bergement (avec ou sans restauration).<\/p>\n<p>[\/et_pb_toggle][et_pb_toggle title=\u00a0\u00bbLieu g\u00e9ographique\u00a0\u00bb open=\u00a0\u00bbon\u00a0\u00bb open_toggle_text_color=\u00a0\u00bb#FF0066&Prime; closed_toggle_text_color=\u00a0\u00bb#FF0066&Prime; closed_toggle_background_color=\u00a0\u00bbrgba(255,0,102,0.18)\u00a0\u00bb icon_color=\u00a0\u00bb#FF0066&Prime; open_icon_color=\u00a0\u00bb#CC3366&Prime; _builder_version=\u00a0\u00bb4.20.2&Prime; _module_preset=\u00a0\u00bbdefault\u00a0\u00bb border_color_all=\u00a0\u00bb#FF0066&Prime; global_colors_info=\u00a0\u00bb{}\u00a0\u00bb theme_builder_area=\u00a0\u00bbpost_content\u00a0\u00bb]<\/p>\n<p style=\"text-align: justify;\">Pension de famille \u201cLA CUESTA\u201d &#8211; R\u00e9sidence Offenbach &#8211; 329 rue du clos des gr\u00e8ves &#8211; 54200 TOUL<\/p>\n<p>[\/et_pb_toggle][et_pb_toggle title=\u00a0\u00bbContact\u00a0\u00bb open=\u00a0\u00bbon\u00a0\u00bb open_toggle_text_color=\u00a0\u00bb#FF0066&Prime; closed_toggle_text_color=\u00a0\u00bb#FF0066&Prime; closed_toggle_background_color=\u00a0\u00bbrgba(255,0,102,0.18)\u00a0\u00bb icon_color=\u00a0\u00bb#FF0066&Prime; open_icon_color=\u00a0\u00bb#CC3366&Prime; _builder_version=\u00a0\u00bb4.20.2&Prime; _module_preset=\u00a0\u00bbdefault\u00a0\u00bb border_color_all=\u00a0\u00bb#FF0066&Prime; global_colors_info=\u00a0\u00bb{}\u00a0\u00bb theme_builder_area=\u00a0\u00bbpost_content\u00a0\u00bb]<\/p>\n<p style=\"text-align: justify;\">T\u00e9l : 03 83 64 09 43<\/p>\n<p>[\/et_pb_toggle][et_pb_testimonial portrait_url=\u00a0\u00bbhttps:\/\/arelia-asso.fr\/wp-content\/uploads\/2021\/10\/Are\u0301lia-LOGO.png\u00a0\u00bb quote_icon_color=\u00a0\u00bb#990099&Prime; quote_icon_background_color=\u00a0\u00bbRGBA(255,255,255,0)\u00a0\u00bb font_icon=\u00a0\u00bb&#xe0dd;||divi||400&Prime; portrait_width=\u00a0\u00bb150px\u00a0\u00bb portrait_height=\u00a0\u00bb150px\u00a0\u00bb _builder_version=\u00a0\u00bb4.20.2&Prime; _module_preset=\u00a0\u00bbdefault\u00a0\u00bb hover_enabled=\u00a0\u00bb0&Prime; border_radii_portrait=\u00a0\u00bbon|0px|0px|0px|0px\u00a0\u00bb border_width_all_portrait=\u00a0\u00bb34px\u00a0\u00bb border_color_all_portrait=\u00a0\u00bbRGBA(255,255,255,0)\u00a0\u00bb border_style_all_portrait=\u00a0\u00bbnone\u00a0\u00bb border_width_top_portrait=\u00a0\u00bb25px\u00a0\u00bb border_color_top_portrait=\u00a0\u00bbRGBA(255,255,255,0)\u00a0\u00bb border_color_right_portrait=\u00a0\u00bbRGBA(255,255,255,0)\u00a0\u00bb border_color_bottom_portrait=\u00a0\u00bbRGBA(255,255,255,0)\u00a0\u00bb border_color_left_portrait=\u00a0\u00bbRGBA(255,255,255,0)\u00a0\u00bb box_shadow_style_image=\u00a0\u00bbpreset1&Prime; global_colors_info=\u00a0\u00bb{}\u00a0\u00bb theme_builder_area=\u00a0\u00bbpost_content\u00a0\u00bb sticky_enabled=\u00a0\u00bb0&Prime;]<\/p>\n<h3>QUELQUES CHIFFRES<\/h3>\n<p><strong>En 2021, 30 personnes ont \u00e9t\u00e9 accueillies, dont 7 avec des animaux.<\/strong><\/p>\n<p>[\/et_pb_testimonial][\/et_pb_column][\/et_pb_row][\/et_pb_section][et_pb_section fb_built=\u00a0\u00bb1&Prime; _builder_version=\u00a0\u00bb4.16&Prime; _module_preset=\u00a0\u00bbdefault\u00a0\u00bb custom_padding=\u00a0\u00bb4px|||||\u00a0\u00bb global_colors_info=\u00a0\u00bb{}\u00a0\u00bb][\/et_pb_section]<\/p>\n","protected":false},"excerpt":{"rendered":"<p>Pension de famille\u00a0\u00bbAlors que j\u2019\u00e9tais encore en d\u00e9tention, Ar\u00e9lia est venue me proposer un lieu d\u2019h\u00e9bergement sans quoi, \u00e0 ma sortie, j\u2019aurais \u00e9t\u00e9 \u00e0 la rue. C\u2019est comme \u00e7a que je me suis retrouv\u00e9 en octobre \u00e0 la r\u00e9sidence.\u00a0\u00bbDispositif\u00a0: PENSION DE FAMILLE \u00ab\u00a0LA CUESTA\u00a0\u00bbLa pension de famille (anciennement maison relais) \u00ab LA CUESTA \u00bb accueille [&hellip;]<\/p>\n","protected":false},"author":1,"featured_media":0,"parent":2649,"menu_order":0,"comment_status":"closed","ping_status":"closed","template":"","meta":{"_et_pb_use_builder":"on","_et_pb_old_content":"","_et_gb_content_width":"","footnotes":""},"class_list":["post-2732","page","type-page","status-publish","hentry"],"_links":{"self":[{"href":"https:\/\/arelia-asso.fr\/index.php\/wp-json\/wp\/v2\/pages\/2732","targetHints":{"allow":["GET"]}}],"collection":[{"href":"https:\/\/arelia-asso.fr\/index.php\/wp-json\/wp\/v2\/pages"}],"about":[{"href":"https:\/\/arelia-asso.fr\/index.php\/wp-json\/wp\/v2\/types\/page"}],"author":[{"embeddable":true,"href":"https:\/\/arelia-asso.fr\/index.php\/wp-json\/wp\/v2\/users\/1"}],"replies":[{"embeddable":true,"href":"https:\/\/arelia-asso.fr\/index.php\/wp-json\/wp\/v2\/comments?post=2732"}],"version-history":[{"count":11,"href":"https:\/\/arelia-asso.fr\/index.php\/wp-json\/wp\/v2\/pages\/2732\/revisions"}],"predecessor-version":[{"id":2981,"href":"https:\/\/arelia-asso.fr\/index.php\/wp-json\/wp\/v2\/pages\/2732\/revisions\/2981"}],"up":[{"embeddable":true,"href":"https:\/\/arelia-asso.fr\/index.php\/wp-json\/wp\/v2\/pages\/2649"}],"wp:attachment":[{"href":"https:\/\/arelia-asso.fr\/index.php\/wp-json\/wp\/v2\/media?parent=2732"}],"curies":[{"name":"wp","href":"https:\/\/api.w.org\/{rel}","templated":true}]}}